{"id":2270,"date":"2022-08-16T12:11:42","date_gmt":"2022-08-16T12:11:42","guid":{"rendered":"http:\/\/www.kamenityvrch.cz\/?page_id=2270"},"modified":"2025-03-20T15:17:12","modified_gmt":"2025-03-20T15:17:12","slug":"s-konem-v-harmonii","status":"publish","type":"page","link":"https:\/\/www.kamenityvrch.cz\/index.php\/priprava-jezdcu\/s-konem-v-harmonii\/","title":{"rendered":"S kon\u011bm v harmonii \u2013  komplexn\u00ed p\u0159\u00edprava jezdce"},"content":{"rendered":"\n<p>Na z\u00e1klad\u011b sv\u00fdch zku\u0161enost\u00ed z&nbsp;vrcholov\u00e9ho sportu (modern\u00ed p\u011btiboj), j\u00f3gy a hiporehabilitace, vytvo\u0159ila \u010dlenka na\u0161eho t\u00fdmu <a rel=\"noreferrer noopener\" aria-label=\"B\u00e1ra Voltrov\u00e1  (otev\u0159e se na nov\u00e9 z\u00e1lo\u017ece)\" href=\"https:\/\/www.kamenityvrch.cz\/index.php\/tym\/nas-tym\/\" target=\"_blank\">B\u00e1ra Voltrov\u00e1<\/a> projekt <a rel=\"noreferrer noopener\" aria-label=\"S kon\u011bm v harmonii (otev\u0159e se na nov\u00e9 z\u00e1lo\u017ece)\" href=\"https:\/\/www.facebook.com\/Skonemvharmonii\" target=\"_blank\">S kon\u011bm v harmonii<\/a>, kter\u00fd m\u00e1 za c\u00edl nau\u010dit jezdce i majitele kon\u00ed, jak mohou pracovat se sv\u00fdm t\u011blem tak, aby koni nevadili a uvoln\u011bn\u011b n\u00e1sledovali pohyb ko\u0148sk\u00e9ho h\u0159betu. Stejn\u00fd d\u016fraz klade i na schopnost relaxace, koncentraci, nalad\u011bn\u00ed mysli a usm\u011brn\u011bn\u00ed emoc\u00ed p\u0159i pr\u00e1ci s&nbsp;ko\u0148mi.<\/p>\n\n\n\n<p>Ve sv\u00e9 praxi vyu\u017e\u00edv\u00e1 dechov\u00e9 techniky, stre\u010dink, posilov\u00e1n\u00ed s&nbsp;vlastn\u00edm t\u011blem s&nbsp;d\u016frazem na aktivaci st\u0159edu t\u011bla, relaxa\u010dn\u00ed cvi\u010den\u00ed, balan\u010dn\u00ed podlo\u017eky, j\u00f3gu a dal\u0161\u00ed. Zam\u011b\u0159en\u00ed lekc\u00ed v\u017edy individu\u00e1ln\u011b p\u0159izp\u016fsobuje konkr\u00e9tn\u00edm pot\u0159eb\u00e1m a schopnostem student\u016f. <\/p>\n\n\n\n<p>\u201eJezdci si \u010dasto neuv\u011bdomuj\u00ed, jak v\u00fdrazn\u011b se disbalance a ztuhlosti jejich t\u011bla mohou projevovat na pohybu a jezditelnosti jejich kon\u00ed. Z\u00e1rove\u0148 v&nbsp;\u010cesk\u00e9 republice chyb\u00ed koncept sportovn\u00ed p\u0159\u00edpravy jezdc\u016f, co\u017e bych r\u00e1da zm\u011bnila a \u0161\u00ed\u0159ila mezi jezdeckou ve\u0159ejnost nutnost pr\u00e1ce na vyrovnanosti jezdce a to nejen fyzick\u00e9, ale i ment\u00e1ln\u00ed.\u201c<\/p>\n\n\n\n<p>B\u00e1ra Voltrov\u00e1 byla dlouhou dobu vrcholov\u00fdm sportovcem. Reprezentovala \u010cR v&nbsp;modern\u00edm p\u011btiboji, kde krom\u011b \u0161ermu, plav\u00e1n\u00ed a b\u011bhu se st\u0159elbou, z\u00e1vodn\u00edk absolvuje parkur stupn\u011b L na zap\u016fj\u010den\u00e9m koni a na to pot\u0159ebujete nejen dob\u0159e jezdit, ale zvl\u00e1dat i svou nervozitu, ned\u016fv\u011bru v&nbsp;kon\u011b a vlastn\u00ed emoce. Jednostrann\u00e9 zat\u00ed\u017een\u00ed \u0161ermu a fyzick\u00e1 n\u00e1ro\u010dnost p\u0159\u00edpravy s&nbsp;sebou p\u0159inesla nezbytnost rehabilita\u010dn\u00edch cvi\u010den\u00ed, posilov\u00e1n\u00ed st\u0159edu t\u011bla (core), relaxace a dal\u0161\u00edch.  N\u00e1ro\u010dnost p\u0159\u00edpravy s sebou nesla \u0159adu zran\u011bn\u00ed, i velmi v\u00e1\u017en\u00fdch. Pr\u00e1v\u011b tyto zku\u0161enosti ji p\u0159ivedly k zam\u011b\u0159en\u00ed tr\u00e9ninku na prevenci zran\u011bn\u00ed pomoc\u00ed rehabilita\u010dn\u00edch cvi\u010den\u00ed. <\/p>\n\n\n\n<figure class=\"wp-block-image\"><img loading=\"lazy\" decoding=\"async\" width=\"1024\" height=\"683\" src=\"https:\/\/www.kamenityvrch.cz\/wp-content\/uploads\/2022\/08\/Bara_kolaz2_zalozka_KV-2-1024x683.jpg\" alt=\"\" class=\"wp-image-2311\" srcset=\"https:\/\/www.kamenityvrch.cz\/wp-content\/uploads\/2022\/08\/Bara_kolaz2_zalozka_KV-2-1024x683.jpg 1024w, https:\/\/www.kamenityvrch.cz\/wp-content\/uploads\/2022\/08\/Bara_kolaz2_zalozka_KV-2-300x200.jpg 300w, https:\/\/www.kamenityvrch.cz\/wp-content\/uploads\/2022\/08\/Bara_kolaz2_zalozka_KV-2-768x512.jpg 768w, https:\/\/www.kamenityvrch.cz\/wp-content\/uploads\/2022\/08\/Bara_kolaz2_zalozka_KV-2.jpg 1200w\" sizes=\"(max-width: 1024px) 100vw, 1024px\" \/><\/figure>\n\n\n\n<p>B\u00e1ra cht\u011bla propojit specifick\u00fd jezdeck\u00fd tr\u00e9nink s&nbsp;fyzioterapi\u00ed a tak d\u00edky spolupr\u00e1ci s&nbsp;fyzioterapeutkou <a href=\"https:\/\/www.kamenityvrch.cz\/index.php\/priprava-jezdcu\/fyzioterapie-jezdcu\/\">Katkou Holoubkovou<\/a> poskytuj\u00ed komplexn\u00ed slu\u017eby specificky zam\u011b\u0159en\u00e9 na jezdce na kon\u00edch. V&nbsp;r\u00e1mci semin\u00e1\u0159\u016f a lekc\u00ed tak m\u00e1te mo\u017enost p\u0159\u00edmo propojit jezdecky zam\u011b\u0159en\u00e1 cvi\u010den\u00ed s&nbsp;p\u00e9\u010d\u00ed fyzioterapeuta. To v\u0161e i v&nbsp;pohodl\u00ed va\u0161\u00ed st\u00e1je.<\/p>\n\n\n\n<p>Sv\u00e9 zku\u0161enosti p\u0159ed\u00e1v\u00e1 b\u011bhem individu\u00e1ln\u00edch lekc\u00ed a semin\u00e1\u0159\u016f, kter\u00e9 mohou prob\u00edhat jak s&nbsp;kon\u011bm (doporu\u010deno), tak i bez kon\u011b. Ve st\u0159edisku Kamenit\u00fd vrch na Praze-z\u00e1pad je tak\u00e9 mo\u017en\u00e9 pod veden\u00edm B\u00e1ry absolvovat lekci na hiporehabilita\u010dn\u00edm koni. Teoretick\u00e9 konzultace mohou prob\u00edhat i online.<\/p>\n\n\n\n<p>Lekce p\u0159\u00edpravy jezdce se zam\u011b\u0159uj\u00ed na:<\/p>\n\n\n\n<p>&#8211; na koni &#8211;&nbsp; zlep\u0161en\u00ed propriocepce, cvi\u010den\u00ed na koni, aktivn\u00ed uvoln\u011bnost<br>&#8211; pr\u00e1ce na nervozit\u011b a strachu spojen\u00fdmi s&nbsp;ko\u0148mi, \u010di jezdeck\u00fdm sportem<br>&#8211; vyu\u017eit\u00ed dechu pro stabilizaci st\u0159edu t\u011bla, koncentraci a relaxaci<br>&#8211; p\u0159ed j\u00edzdou \u2013 jak se rozcvi\u010dit a prot\u00e1hnout<br>&#8211; posilov\u00e1n\u00ed pro jezdce<br>&#8211; jak se dostat do kondice a udr\u017eet si ji<\/p>\n\n\n\n<p>Teoretick\u00e9 znalosti a inspiraci m\u016f\u017eete na\u010derpat tak\u00e9 v \u010dl\u00e1nc\u00edch B\u00e1ry Voltrov\u00e9 o p\u0159\u00edprav\u011b jezdce:<br><a rel=\"noreferrer noopener\" aria-label=\"Protahov\u00e1n\u00ed a relaxa\u010dn\u00ed techniky v jezdectv\u00ed (otev\u0159e se na nov\u00e9 z\u00e1lo\u017ece)\" href=\"https:\/\/www.nechsenest.cz\/protahovani-a-relaxacni-techniky-v-jezdectvi\/?fbclid=IwAR1Iw_k8c4gjyZwK2dWFt5cKxERourL3D4alNr9LTxYlgAMZK960XhzajgI\" target=\"_blank\">Protahov\u00e1n\u00ed a relaxa\u010dn\u00ed techniky v jezdectv\u00ed<\/a><br><a rel=\"noreferrer noopener\" aria-label=\"Relaxa\u010dn\u00ed techniky (nejen) pro jezdce (otev\u0159e se na nov\u00e9 z\u00e1lo\u017ece)\" href=\"https:\/\/blog.decathlon.cz\/relaxacni-techniky-nejen-pro-jezdce-2\/?fbclid=IwAR23HOX78GDnRe85NLqAgi1dZrShytb3dUdUieh-eIrHfR8dUuRihBIrRIo\" target=\"_blank\">Relaxa\u010dn\u00ed techniky (nejen) pro jezdce<\/a><br><a rel=\"noreferrer noopener\" aria-label=\"Rozeh\u0159\u00e1t\u00ed a stre\u010dink v jezdectv\u00ed (otev\u0159e se na nov\u00e9 z\u00e1lo\u017ece)\" href=\"https:\/\/blog.decathlon.cz\/rozehrati-a-strecink-v-jezdectvi\/?fbclid=IwAR0zu4k8ijVPwDwuf8J_sieNopdnAwy5PLoWoBtioCPtfKgSAPjvGUtbFKc\" target=\"_blank\">Rozeh\u0159\u00e1t\u00ed a stre\u010dink v jezdectv\u00ed<\/a><\/p>\n\n\n\n<p><a rel=\"noreferrer noopener\" aria-label=\"Audiorelaxace pro dom\u00e1c\u00ed p\u0159\u00edpravu (otev\u0159e se na nov\u00e9 z\u00e1lo\u017ece)\" href=\"https:\/\/www.youtube.com\/watch?v=A9FakwRCUD8\" target=\"_blank\">Audiorelaxace (nejen) pro jezdce<\/a><\/p>\n\n\n\n<p>V\u00edce informac\u00ed o B\u00e1\u0159e se m\u016f\u017eete dozv\u011bd\u011bt tak\u00e9 v <a rel=\"noreferrer noopener\" aria-label=\"\u010dl\u00e1nku (otev\u0159e se na nov\u00e9 z\u00e1lo\u017ece)\" href=\"https:\/\/www.nechsenest.cz\/olympijska-reprezentantka-v-modernim-petiboji-barbora-voltrova-na-seznameni-s-konem-mate-20-minut\/\" target=\"_blank\">\u010dl\u00e1nku<\/a> nebo v <a rel=\"noreferrer noopener\" aria-label=\"podcastu (otev\u0159e se na nov\u00e9 z\u00e1lo\u017ece)\" href=\"https:\/\/podcasts.apple.com\/cz\/podcast\/d%C3%ADl-36-host-s-olympijskou-reprezentatkou-v-modern%C3%ADm\/id1501878795?i=1000571475406&amp;l=cs\" target=\"_blank\">podcastu<\/a> o jej\u00ed jezdeck\u00e9 historii.<\/p>\n\n\n\n<p><strong>Cen\u00edk (s va\u0161\u00edm vlastn\u00edm kon\u011bm):<\/strong><\/p>\n\n\n\n<p>Individu\u00e1ln\u00ed lekce (60 min) &#8211; 600 K\u010d (v\u010d. DPH) + cestovn\u00e9<\/p>\n\n\n\n<ul>\n<li>(1-2 jezdci) u pravideln\u00fdch klient\u016f je sou\u010d\u00e1st\u00ed i jezdeck\u00fd den\u00edk s online p\u0159\u00edstupem<\/li>\n<\/ul>\n\n\n\n<p>Online konzultace (40 min) &#8211; 400 K\u010d <\/p>\n\n\n\n<ul>\n<li>na z\u00e1klad\u011b vide\u00ed po\u0159\u00edzen\u00fdch dle m\u00fdch instrukc\u00ed a vypln\u011bn\u00e9ho  dotazn\u00edku   <\/li>\n\n\n\n<li>v\u00fdstupem je soubor s anal\u00fdzou a doporu\u010den\u00edm, nad kter\u00fdmi se pobav\u00edme online (Zoom, Google Meets)<\/li>\n<\/ul>\n\n\n\n<p>Semin\u00e1\u0159e &#8211; maxim\u00e1ln\u00ed po\u010det v jednom turnusu 10 osob, aktu\u00e1ln\u00ed informace o vypsan\u00fdch term\u00ednech najdete <a href=\"https:\/\/www.facebook.com\/Skonemvharmonii\" target=\"_blank\" rel=\"noreferrer noopener\" aria-label=\"na facebooku (otev\u0159e se na nov\u00e9 z\u00e1lo\u017ece)\">na facebooku<\/a>. <br>Po\u017eadavky pro po\u0159\u00e1d\u00e1n\u00ed:<br>&#8211; z\u00e1zem\u00ed kryt\u00e9 p\u0159ed nep\u0159\u00edzn\u00ed po\u010das\u00ed (klubovna, hala, atp) <br>&#8211; mo\u017enost projekce (techniku m\u00e1me vlastn\u00ed)<br>&#8211; alespo\u0148 2 jezdci s ko\u0148mi pro praktickou uk\u00e1zku <br>&#8211; n\u00e1pl\u0148 a cena semin\u00e1\u0159e se odv\u00edj\u00ed od rozsahu a n\u00e1klad\u016f na cestovn\u00e9<\/p>\n\n\n\n<p>Kontakt pro objedn\u00e1vky a dal\u0161\u00ed informace: skonemvharmonii@gmail.com<\/p>\n    <!-- sktbuilder starter --><script type=\"text\/javascript\" src=\"https:\/\/www.kamenityvrch.cz\/wp-content\/plugins\/skt-builder\/sktbuilder\/sktbuilder-frontend-starter.js\"><\/script><script type=\"text\/javascript\" src=\"https:\/\/www.kamenityvrch.cz\/wp-content\/plugins\/skt-builder\/sktbuilder-wordpress-driver.js\"><\/script><script type=\"text\/javascript\"> var starter = new SktbuilderStarter({\"mode\": \"prod\", \"skip\":[\"jquery\",\"underscore\",\"backbone\"],\"sktbuilderUrl\": \"https:\/\/www.kamenityvrch.cz\/wp-content\/plugins\/skt-builder\/sktbuilder\/\", \"driver\": new SktbuilderWordpressDriver({\"ajaxUrl\": \"https:\/\/www.kamenityvrch.cz\/wp-admin\/admin-ajax.php\", \"iframeUrl\": \"https:\/\/www.kamenityvrch.cz\/index.php\/priprava-jezdcu\/s-konem-v-harmonii\/?sktbuilder=true\", \"pageId\": 2270, \"pages\": [{\"title\":\"Novinky\",\"url\":\"https:\\\/\\\/www.kamenityvrch.cz\\\/wp-admin\\\/post.php?post=102&action=sktbuilder\"}], \"page\": \"S kon\u011bm v harmonii \u2013  komplexn\u00ed p\u0159\u00edprava jezdce\" }) });<\/script><!-- end sktbuilder starter -->","protected":false},"excerpt":{"rendered":"<p>Na z\u00e1klad\u011b sv\u00fdch zku\u0161enost\u00ed z&nbsp;vrcholov\u00e9ho sportu (modern\u00ed p\u011btiboj), j\u00f3gy a hiporehabilitace, vytvo\u0159ila \u010dlenka na\u0161eho t\u00fdmu B\u00e1ra Voltrov\u00e1 projekt S kon\u011bm v harmonii, kter\u00fd m\u00e1 za c\u00edl nau\u010dit jezdce i majitele kon\u00ed, jak mohou pracovat se sv\u00fdm t\u011blem tak, aby koni nevadili a uvoln\u011bn\u011b n\u00e1sledovali pohyb ko\u0148sk\u00e9ho h\u0159betu. Stejn\u00fd d\u016fraz klade i na schopnost relaxace, koncentraci,<br \/><a class=\"moretag\" href=\"https:\/\/www.kamenityvrch.cz\/index.php\/priprava-jezdcu\/s-konem-v-harmonii\/\">+ Read More<\/a><\/p>\n","protected":false},"author":1,"featured_media":0,"parent":2265,"menu_order":0,"comment_status":"closed","ping_status":"closed","template":"templates\/page-nosidebar_template.php","meta":{"footnotes":""},"_links":{"self":[{"href":"https:\/\/www.kamenityvrch.cz\/index.php\/wp-json\/wp\/v2\/pages\/2270"}],"collection":[{"href":"https:\/\/www.kamenityvrch.cz\/index.php\/wp-json\/wp\/v2\/pages"}],"about":[{"href":"https:\/\/www.kamenityvrch.cz\/index.php\/wp-json\/wp\/v2\/types\/page"}],"author":[{"embeddable":true,"href":"https:\/\/www.kamenityvrch.cz\/index.php\/wp-json\/wp\/v2\/users\/1"}],"replies":[{"embeddable":true,"href":"https:\/\/www.kamenityvrch.cz\/index.php\/wp-json\/wp\/v2\/comments?post=2270"}],"version-history":[{"count":36,"href":"https:\/\/www.kamenityvrch.cz\/index.php\/wp-json\/wp\/v2\/pages\/2270\/revisions"}],"predecessor-version":[{"id":3368,"href":"https:\/\/www.kamenityvrch.cz\/index.php\/wp-json\/wp\/v2\/pages\/2270\/revisions\/3368"}],"up":[{"embeddable":true,"href":"https:\/\/www.kamenityvrch.cz\/index.php\/wp-json\/wp\/v2\/pages\/2265"}],"wp:attachment":[{"href":"https:\/\/www.kamenityvrch.cz\/index.php\/wp-json\/wp\/v2\/media?parent=2270"}],"curies":[{"name":"wp","href":"https:\/\/api.w.org\/{rel}","templated":true}]}}