{"id":2524,"date":"2023-03-31T19:14:23","date_gmt":"2023-03-31T19:14:23","guid":{"rendered":"http:\/\/www.kamenityvrch.cz\/?page_id=2524"},"modified":"2024-04-01T13:52:12","modified_gmt":"2024-04-01T13:52:12","slug":"rodinne-workshopy","status":"publish","type":"page","link":"https:\/\/www.kamenityvrch.cz\/index.php\/rodinne-workshopy\/","title":{"rendered":"Rodinn\u00e9 workshopy"},"content":{"rendered":"\n<p>D\u00edky finan\u010dn\u00edmu p\u0159\u00edsp\u011bvku z programu Podpora zdrav\u00ed, zvy\u0161ov\u00e1n\u00ed efektivity a kvality zdravotn\u00ed p\u00e9\u010de od MZ \u010cR prob\u00edhaly v roce 2023 v\u00edkendov\u00e9 hiporehabilita\u010dn\u00ed workshopy zdarma v r\u00e1mci projektu  <em>1\/23\/PPZ  Skupinov\u00e9 hipoterapie a fyzioterapie pro rodiny d\u011bt\u00ed s neurov\u00fdvojov\u00fdmi poruchami<\/em>. Workshopy jsou vhodn\u00e9 nejen pro zku\u0161en\u00e9 jezdce, ale i pro d\u011bti, kter\u00e9 je\u0161t\u011b s hiporehabilitac\u00ed nemaj\u00ed \u017e\u00e1dn\u00e9 zku\u0161enosti a cht\u011bj\u00ed si na ni nejprve opatrn\u011b navyknout p\u0159i p\u00e9\u010di o kon\u011b. <\/p>\n\n\n\n<p>Workshopy nejsou zam\u011b\u0159eny na maxim\u00e1ln\u00ed v\u00fdkon s p\u0159\u00edsn\u011b strukturovan\u00fdm programem, ale sp\u00ed\u0161e na spole\u010dn\u011b str\u00e1ven\u00fd pohodov\u00fd \u010das v p\u0159\u00edrod\u011b, p\u0159i kter\u00e9m si rodiny podle sv\u00e9ho z\u00e1jmu mohou vyzkou\u0161et r\u016fznorod\u00e9 aktivity pro z\u00e1bavu i rozvoj nov\u00fdch dovednost\u00ed. Sou\u010d\u00e1st\u00ed programu i kr\u00e1tk\u00e1 j\u00edzda na koni pro d\u011bti i jejich sourozence. <\/p>\n\n\n\n<p>Na podzim 2023 prob\u011bhly workshopy  skupinov\u00fdch hipoterapi\u00ed a fyzioterapi\u00ed v \u010cernolic\u00edch <strong>10.9., 24.9., 15.10. a 29.10 2023.<\/strong> od 13 do 17 hodin. P\u0159ihl\u00e1\u0161en\u00ed je mo\u017en\u00e9 na info @ kamenityvrch.cz.<\/p>\n\n\n\n<figure><a href=\"http:\/\/www.kamenityvrch.cz\/wp-content\/uploads\/2023\/09\/Hipoterapie_pozdim23.pdf\" target=\"blank\" rel=\"noopener noreferrer\"><img loading=\"lazy\" decoding=\"async\" src=\"http:\/\/www.kamenityvrch.cz\/wp-content\/uploads\/2023\/09\/Hipoterapie_podzim23.png\" alt=\"\" class=\"wp-image-1982\" width=\"270\" height=\"381\"><\/a><\/figure>\n\n\n\n<p>Na ja\u0159e 2023 prob\u011bhly workshopy v \u010cernolic\u00edch v term\u00ednech:  23.4.,&nbsp;14.5.,&nbsp;4.6.&nbsp;a&nbsp;25.6. od 13 do 17h. <\/p>\n\n\n\n<figure><a href=\"http:\/\/www.kamenityvrch.cz\/wp-content\/uploads\/2023\/03\/HipoterapieWorkshopy23.pdf\" target=\"blank\" rel=\"noopener noreferrer\"><img loading=\"lazy\" decoding=\"async\" src=\"http:\/\/www.kamenityvrch.cz\/wp-content\/uploads\/2023\/03\/HipoterapieWorkshopy.jpg\" alt=\"\" class=\"wp-image-1982\" width=\"270\" height=\"381\"><\/a><\/figure>\n\n\n\n<p>V r\u00e1mci workshop\u016f se m\u016f\u017eete t\u011b\u0161it na hiporehabilitaci i fyzioterapii, canisterapii a dal\u0161\u00ed doprovodn\u00e9 aktivity.<\/p>\n\n\n\n<p>Pro j\u00edzdu na koni je na t\u011bchto v\u00edkendov\u00fdch akc\u00edch pot\u0159eba schopnost samostatn\u00e9ho sedu, dobr\u00fd stav ky\u010dl\u00ed a p\u00e1te\u0159e, v\u00e1hov\u00fd limit je 25 kg (pro d\u011bti, kter\u00e9 zvl\u00e1daj\u00ed z kon\u011b samostatn\u011b sestoupit, je po dohod\u011b v\u00e1hov\u00fd limit vy\u0161\u0161\u00ed).  Ostatn\u00ed \u00fa\u010dastn\u00edci si mohou vyzkou\u0161et p\u00e9\u010di o kon\u011b, hry s ko\u0148mi a p\u0159irozenou komunikaci s ko\u0148mi ze zem\u011b. <\/p>\n\n\n\n<p>Hiporehabilita\u010dn\u00ed workshopy prob\u00edhaj\u00ed v \u010cernolic\u00edch na Praze-z\u00e1pad a ve spolupracuj\u00edc\u00edm hiporehabilita\u010dn\u00edm st\u0159edisku Hippokrates-Klatovy na <a rel=\"noreferrer noopener\" href=\"http:\/\/biofarmaskrivanek.cz\/\" target=\"_blank\">Biofarm\u011b Sk\u0159iv\u00e1nek<\/a>, kam je tak\u00e9 mo\u017en\u00e9 se na workshopy objednat. <\/p>\n\n\n\n<p>Projekt navazuje na projekt <em><a rel=\"noreferrer noopener\" aria-label=\"Podpora osob v riziku syndromu vyho\u0159en\u00ed a s neurotick\u00fdmi poruchami (otev\u0159e se na nov\u00e9 z\u00e1lo\u017ece)\" href=\"https:\/\/www.kamenityvrch.cz\/index.php\/hipoterapie\/skupinove\/\" target=\"_blank\">Podpora osob v riziku syndromu vyho\u0159en\u00ed a s neurotick\u00fdmi poruchami<\/a><\/em> z roku 2022, ve kter\u00e9m byly pro\u0161koleny tak\u00e9 peer konzultantky pro rodi\u010de d\u011bt\u00ed se specifick\u00fdmi pot\u0159ebami, na kter\u00e9 je mo\u017en\u00e9 se obr\u00e1tit i v leto\u0161n\u00edm roce.<\/p>\n\n\n\n<hr class=\"wp-block-separator\"\/>\n\n\n\n<p><strong>Pro rezervaci term\u00ednu a dal\u0161\u00ed informace&nbsp;<\/strong>se obracejte na e-mail&nbsp;info@kamenityvrch.cz&nbsp;<br>nebo na telefonn\u00ed \u010d\u00edslo +420 776 643 102.<\/p>\n\n\n\n<p>Kontakt pro z\u00e1jemce o podporu od peer konzultantek: marketa.janatova@kamenityvrch.cz .<\/p>\n\n\n\n<p>Projekt je realizov\u00e1n za finan\u010dn\u00ed podpory Ministerstva zdravotnictv\u00ed \u010cesk\u00e9 republiky.<\/p>\n\n\n\n<figure class=\"wp-block-image is-resized\"><img loading=\"lazy\" decoding=\"async\" src=\"https:\/\/www.kamenityvrch.cz\/wp-content\/uploads\/2022\/05\/logo-mzcr-1024x360.png\" alt=\"\" class=\"wp-image-2047\" width=\"331\" height=\"116\" srcset=\"https:\/\/www.kamenityvrch.cz\/wp-content\/uploads\/2022\/05\/logo-mzcr-1024x360.png 1024w, https:\/\/www.kamenityvrch.cz\/wp-content\/uploads\/2022\/05\/logo-mzcr-300x105.png 300w, https:\/\/www.kamenityvrch.cz\/wp-content\/uploads\/2022\/05\/logo-mzcr-768x270.png 768w, https:\/\/www.kamenityvrch.cz\/wp-content\/uploads\/2022\/05\/logo-mzcr.png 1256w\" sizes=\"(max-width: 331px) 100vw, 331px\" \/><\/figure>\n    <!-- sktbuilder starter --><script type=\"text\/javascript\" src=\"https:\/\/www.kamenityvrch.cz\/wp-content\/plugins\/skt-builder\/sktbuilder\/sktbuilder-frontend-starter.js\"><\/script><script type=\"text\/javascript\" src=\"https:\/\/www.kamenityvrch.cz\/wp-content\/plugins\/skt-builder\/sktbuilder-wordpress-driver.js\"><\/script><script type=\"text\/javascript\"> var starter = new SktbuilderStarter({\"mode\": \"prod\", \"skip\":[\"jquery\",\"underscore\",\"backbone\"],\"sktbuilderUrl\": \"https:\/\/www.kamenityvrch.cz\/wp-content\/plugins\/skt-builder\/sktbuilder\/\", \"driver\": new SktbuilderWordpressDriver({\"ajaxUrl\": \"https:\/\/www.kamenityvrch.cz\/wp-admin\/admin-ajax.php\", \"iframeUrl\": \"https:\/\/www.kamenityvrch.cz\/index.php\/rodinne-workshopy\/?sktbuilder=true\", \"pageId\": 2524, \"pages\": [{\"title\":\"Novinky\",\"url\":\"https:\\\/\\\/www.kamenityvrch.cz\\\/wp-admin\\\/post.php?post=102&action=sktbuilder\"}], \"page\": \"Rodinn\u00e9 workshopy\" }) });<\/script><!-- end sktbuilder starter -->","protected":false},"excerpt":{"rendered":"<p>D\u00edky finan\u010dn\u00edmu p\u0159\u00edsp\u011bvku z programu Podpora zdrav\u00ed, zvy\u0161ov\u00e1n\u00ed efektivity a kvality zdravotn\u00ed p\u00e9\u010de od MZ \u010cR prob\u00edhaly v roce 2023 v\u00edkendov\u00e9 hiporehabilita\u010dn\u00ed workshopy zdarma v r\u00e1mci projektu 1\/23\/PPZ Skupinov\u00e9 hipoterapie a fyzioterapie pro rodiny d\u011bt\u00ed s neurov\u00fdvojov\u00fdmi poruchami. Workshopy jsou vhodn\u00e9 nejen pro zku\u0161en\u00e9 jezdce, ale i pro d\u011bti, kter\u00e9 je\u0161t\u011b s hiporehabilitac\u00ed nemaj\u00ed \u017e\u00e1dn\u00e9<br \/><a class=\"moretag\" href=\"https:\/\/www.kamenityvrch.cz\/index.php\/rodinne-workshopy\/\">+ Read More<\/a><\/p>\n","protected":false},"author":1,"featured_media":0,"parent":0,"menu_order":0,"comment_status":"closed","ping_status":"closed","template":"templates\/page-nosidebar_template.php","meta":{"footnotes":""},"_links":{"self":[{"href":"https:\/\/www.kamenityvrch.cz\/index.php\/wp-json\/wp\/v2\/pages\/2524"}],"collection":[{"href":"https:\/\/www.kamenityvrch.cz\/index.php\/wp-json\/wp\/v2\/pages"}],"about":[{"href":"https:\/\/www.kamenityvrch.cz\/index.php\/wp-json\/wp\/v2\/types\/page"}],"author":[{"embeddable":true,"href":"https:\/\/www.kamenityvrch.cz\/index.php\/wp-json\/wp\/v2\/users\/1"}],"replies":[{"embeddable":true,"href":"https:\/\/www.kamenityvrch.cz\/index.php\/wp-json\/wp\/v2\/comments?post=2524"}],"version-history":[{"count":35,"href":"https:\/\/www.kamenityvrch.cz\/index.php\/wp-json\/wp\/v2\/pages\/2524\/revisions"}],"predecessor-version":[{"id":2867,"href":"https:\/\/www.kamenityvrch.cz\/index.php\/wp-json\/wp\/v2\/pages\/2524\/revisions\/2867"}],"wp:attachment":[{"href":"https:\/\/www.kamenityvrch.cz\/index.php\/wp-json\/wp\/v2\/media?parent=2524"}],"curies":[{"name":"wp","href":"https:\/\/api.w.org\/{rel}","templated":true}]}}