{"id":2661,"date":"2023-08-09T12:03:07","date_gmt":"2023-08-09T12:03:07","guid":{"rendered":"http:\/\/www.kamenityvrch.cz\/?page_id=2661"},"modified":"2024-03-22T11:10:58","modified_gmt":"2024-03-22T11:10:58","slug":"krouzek-pro-nejmensi","status":"publish","type":"page","link":"https:\/\/www.kamenityvrch.cz\/index.php\/hipoterapie\/krouzek-pro-nejmensi\/","title":{"rendered":"Hiporehabilita\u010dn\u00ed krou\u017eek"},"content":{"rendered":"\n<p> Hiporehabilita\u010dn\u00ed krou\u017eek  je vhodn\u00fd pro rodi\u010de s d\u011btmi se specifick\u00fdmi pot\u0159ebami, kter\u00e9 bav\u00ed kontakt s ko\u0148mi a r\u00e1dy vyhled\u00e1vaj\u00ed spole\u010dn\u00e9 aktivity s vrstevn\u00edky, nebo by pro n\u011b bylo p\u0159\u00ednosn\u00e9 si na spolupr\u00e1ci ve skupin\u011b postupn\u011b navyknout. Program je zam\u011b\u0159en na p\u00e9\u010di o kon\u011b a doprovodn\u00e9 aktivity, kter\u00e9 mohou d\u011btem pomoci k celkov\u00e9mu rozvoji. <\/p>\n\n\n\n<p>Sou\u010d\u00e1st\u00ed programu bude i kr\u00e1tk\u00e1 j\u00edzda na koni (pro d\u011bti s v\u00e1hou do 25 kg, schopn\u00e9 samostatn\u00e9ho sedu bez opory, bez probl\u00e9m\u016f v oblasti ky\u010dl\u00ed a p\u00e1te\u0159e).<\/p>\n\n\n\n<p>\u00da\u010dast je zdarma. Rezervace m\u00edst je mo\u017en\u00e1 na e-mailu info @ kamenityvrch.cz . <\/p>\n\n\n\n<figure class=\"wp-block-image\"><img loading=\"lazy\" decoding=\"async\" width=\"1024\" height=\"576\" src=\"https:\/\/www.kamenityvrch.cz\/wp-content\/uploads\/2023\/08\/DSC_0767-1024x576.jpg\" alt=\"\" class=\"wp-image-2670\" srcset=\"https:\/\/www.kamenityvrch.cz\/wp-content\/uploads\/2023\/08\/DSC_0767-1024x576.jpg 1024w, https:\/\/www.kamenityvrch.cz\/wp-content\/uploads\/2023\/08\/DSC_0767-300x169.jpg 300w, https:\/\/www.kamenityvrch.cz\/wp-content\/uploads\/2023\/08\/DSC_0767-768x432.jpg 768w\" sizes=\"(max-width: 1024px) 100vw, 1024px\" \/><\/figure>\n\n\n\n<p>Krou\u017eek&nbsp;je financov\u00e1n z programu OPZ+ MPSV v r\u00e1mci projektu&nbsp;<em>Spolupr\u00e1ce p\u0159i inovaci hiporehabilitace v soci\u00e1ln\u00ed praxi se zam\u011b\u0159en\u00edm na rodiny s d\u011btmi se specifick\u00fdmi pot\u0159ebami&nbsp;CZ.03.03.01\/00\/22_021\/0001564&nbsp;<\/em>, na kter\u00e9m se pod\u00edl\u00edme jako partnersk\u00e1 organizace. Projekt realizuje&nbsp;<a rel=\"noreferrer noopener\" href=\"https:\/\/www.hipojupiter.cz\/\" target=\"_blank\">Hiporehabilitace Jupiter<\/a>, dal\u0161\u00edm partnerem projektu je&nbsp;<a rel=\"noreferrer noopener\" href=\"http:\/\/vladykuvdvur.cz\/\" target=\"_blank\">Vladyk\u016fv Dv\u016fr<\/a>. <\/p>\n\n\n\n<p>Krou\u017eek vych\u00e1z\u00ed z aktivit, kter\u00e9 jsme v r\u00e1mci projektu testovali na pr\u00e1zdninov\u00e9m <a rel=\"noreferrer noopener\" aria-label=\"hiporehabilita\u010dn\u00edm t\u00fddnu (otev\u0159e se na nov\u00e9 z\u00e1lo\u017ece)\" href=\"https:\/\/www.kamenityvrch.cz\/index.php\/prazdninovy-tyden\/\" target=\"_blank\">hiporehabilita\u010dn\u00edm t\u00fddnu<\/a> a z prvn\u00edho b\u011bhu krou\u017eku, kter\u00fd prob\u00edhal na podzim 2023.  <\/p>\n\n\n\n<figure class=\"wp-block-image\"><img loading=\"lazy\" decoding=\"async\" width=\"1024\" height=\"662\" src=\"https:\/\/www.kamenityvrch.cz\/wp-content\/uploads\/2023\/06\/image-1-1024x662.png\" alt=\"\" class=\"wp-image-2637\" srcset=\"https:\/\/www.kamenityvrch.cz\/wp-content\/uploads\/2023\/06\/image-1-1024x662.png 1024w, https:\/\/www.kamenityvrch.cz\/wp-content\/uploads\/2023\/06\/image-1-300x194.png 300w, https:\/\/www.kamenityvrch.cz\/wp-content\/uploads\/2023\/06\/image-1-768x497.png 768w, https:\/\/www.kamenityvrch.cz\/wp-content\/uploads\/2023\/06\/image-1.png 1211w\" sizes=\"(max-width: 1024px) 100vw, 1024px\" \/><\/figure>\n    <!-- sktbuilder starter --><script type=\"text\/javascript\" src=\"https:\/\/www.kamenityvrch.cz\/wp-content\/plugins\/skt-builder\/sktbuilder\/sktbuilder-frontend-starter.js\"><\/script><script type=\"text\/javascript\" src=\"https:\/\/www.kamenityvrch.cz\/wp-content\/plugins\/skt-builder\/sktbuilder-wordpress-driver.js\"><\/script><script type=\"text\/javascript\"> var starter = new SktbuilderStarter({\"mode\": \"prod\", \"skip\":[\"jquery\",\"underscore\",\"backbone\"],\"sktbuilderUrl\": \"https:\/\/www.kamenityvrch.cz\/wp-content\/plugins\/skt-builder\/sktbuilder\/\", \"driver\": new SktbuilderWordpressDriver({\"ajaxUrl\": \"https:\/\/www.kamenityvrch.cz\/wp-admin\/admin-ajax.php\", \"iframeUrl\": \"https:\/\/www.kamenityvrch.cz\/index.php\/hipoterapie\/krouzek-pro-nejmensi\/?sktbuilder=true\", \"pageId\": 2661, \"pages\": [{\"title\":\"Novinky\",\"url\":\"https:\\\/\\\/www.kamenityvrch.cz\\\/wp-admin\\\/post.php?post=102&action=sktbuilder\"}], \"page\": \"Hiporehabilita\u010dn\u00ed krou\u017eek\" }) });<\/script><!-- end sktbuilder starter -->","protected":false},"excerpt":{"rendered":"<p>Hiporehabilita\u010dn\u00ed krou\u017eek je vhodn\u00fd pro rodi\u010de s d\u011btmi se specifick\u00fdmi pot\u0159ebami, kter\u00e9 bav\u00ed kontakt s ko\u0148mi a r\u00e1dy vyhled\u00e1vaj\u00ed spole\u010dn\u00e9 aktivity s vrstevn\u00edky, nebo by pro n\u011b bylo p\u0159\u00ednosn\u00e9 si na spolupr\u00e1ci ve skupin\u011b postupn\u011b navyknout. Program je zam\u011b\u0159en na p\u00e9\u010di o kon\u011b a doprovodn\u00e9 aktivity, kter\u00e9 mohou d\u011btem pomoci k celkov\u00e9mu rozvoji. Sou\u010d\u00e1st\u00ed programu<br \/><a class=\"moretag\" href=\"https:\/\/www.kamenityvrch.cz\/index.php\/hipoterapie\/krouzek-pro-nejmensi\/\">+ Read More<\/a><\/p>\n","protected":false},"author":1,"featured_media":0,"parent":115,"menu_order":0,"comment_status":"closed","ping_status":"closed","template":"templates\/page-nosidebar_template.php","meta":{"footnotes":""},"_links":{"self":[{"href":"https:\/\/www.kamenityvrch.cz\/index.php\/wp-json\/wp\/v2\/pages\/2661"}],"collection":[{"href":"https:\/\/www.kamenityvrch.cz\/index.php\/wp-json\/wp\/v2\/pages"}],"about":[{"href":"https:\/\/www.kamenityvrch.cz\/index.php\/wp-json\/wp\/v2\/types\/page"}],"author":[{"embeddable":true,"href":"https:\/\/www.kamenityvrch.cz\/index.php\/wp-json\/wp\/v2\/users\/1"}],"replies":[{"embeddable":true,"href":"https:\/\/www.kamenityvrch.cz\/index.php\/wp-json\/wp\/v2\/comments?post=2661"}],"version-history":[{"count":16,"href":"https:\/\/www.kamenityvrch.cz\/index.php\/wp-json\/wp\/v2\/pages\/2661\/revisions"}],"predecessor-version":[{"id":2848,"href":"https:\/\/www.kamenityvrch.cz\/index.php\/wp-json\/wp\/v2\/pages\/2661\/revisions\/2848"}],"up":[{"embeddable":true,"href":"https:\/\/www.kamenityvrch.cz\/index.php\/wp-json\/wp\/v2\/pages\/115"}],"wp:attachment":[{"href":"https:\/\/www.kamenityvrch.cz\/index.php\/wp-json\/wp\/v2\/media?parent=2661"}],"curies":[{"name":"wp","href":"https:\/\/api.w.org\/{rel}","templated":true}]}}